 - -11)).
11
Calculate 8 - ((11 - 11) + (3 - -7)).
-2
Evaluate 288 + -284 - (0 - (2 - -1)) - 25.
-18
What is the value of 82 + -68 - (9 + -12 + 5 + -1)?
13
Calculate -1 - 0 - -1 - (14 - 21) - 12.
-5
What is (15 - 10) + -14 + 11?
2
Calculate -6 - (13 - (22 + -6)).
-3
What is the value of (-12 - -2) + (17 - 2) - -4?
9
What is the value of 622 + -620 + (7 - (0 + 0))?
9
What is the value of (-10 + 18 - 7 - -9 - 13) + 31?
28
What is -20 + (-24 - -34) + -3 + -2?
-15
What is the value of -43 + 36 + -5 + 1 + 2?
-9
What is the value of (14 - (31 - 13)) + 5 + -3 + -27?
-29
-2 + (6 + -30 - -29) + 0 + 1
4
Calculate -21 + 1 - (-63 + 36).
7
Calculate -6 - (3 - (12 + 2 - 9)).
-4
Calculate (-8 - (-17 - -9)) + (1 - 1) + 22.
22
What is the value of 13 + -10 - (-3 + -1 - 4)?
11
Evaluate 39 - (7 + 17) - -8.
23
Calculate 21 + 17 + -33 + -22.
-17
Evaluate -53 + 46 - (-20 - (-11 + 4)).
6
-15 + 28 + 2 + -9 - (-7 - 2)
15
Evaluate 31 + (-46 - -7) - -27.
19
Calculate -9 + -2 + 12 - 8.
-7
Evaluate -9 + -2 + -9 + 16 + -7.
-11
Evaluate 7 + -7 + (-15 - -16).
1
Evaluate 6 - (39 - 22) - -3.
-8
Calculate 30 - (37 - 5) - 15.
-17
What is -26 + (-1 - (-12 - 5))?
-10
What is 11 - (6 - ((0 - (1 - 1)) + 4))?
9
Evaluate (-12 - 1) + (4 - -2) + 13.
6
Calculate -17 + 2 - (50 + -77).
12
Calculate -45 + (33 - 11) - -45.
22
Evaluate 10 + -13 - -20 - 8 - -9.
18
Calculate (17 + -6 - (3 - 1)) + 9.
18
-3 + (-7 - (-8 - 5)) + -12 + 0
-9
Calculate 7 - (5 + 28 + -28).
2
What is the value of 10 + 33 + (-10 - 26) + (9 - -1)?
17
Calculate -5 + (-2 - 3) + 1 + (-2 - -1).
-10
What is (23 - (-9 - -20) - 17) + (0 - -9)?
4
What is -8 + 26 + -31 + 13?
0
Calculate 41 - 75 - -69 - (7 + 2).
26
What is the value of 12 + (-11 - -14) + -20?
-5
15 - (-14 + 10 + 9)
10
Calculate -9 - (12 - (-4 + (-6 - -17))).
-14
Evaluate 9 + (22 - 6) - (5 + 8).
12
Calculate -5 + 7 + 1 + -3 + -7.
-7
What is the value of (-10 - (-13 - -2)) + 1 + -4 + 2?
0
Evaluate (1 - 9) + 6 - -13.
11
Calculate (-40 - -42) + (0 - 0) + (1 - -5).
8
Evaluate 218 + -206 - (18 - -4).
-10
Evaluate (-13 - -26) + (1 - -2) + (-8 - -6).
14
What is the value of -1 + -3 + 55 + -13?
38
What is (48 + -27 - 21) + -24?
-24
7 - (-1 + (-8 + 10 - 1))
7
Calculate 3 + -7 + 13 + -11 - 6.
-8
What is 29 + (-13 - (-6 + -6 + -3))?
31
What is 4 + (10 + -4 - (6 - 4))?
8
Calculate 11 + -3 + 3 + 0 - (28 - 26).
9
-18 - (8 + 2 - 24)
-4
Calculate -5 - -35 - (-19 - -40).
9
What is 22 - (-7 + (-5 - -7 - -7) + -3)?
23
What is the value of (-15 - (7 + (-25 - -9))) + -13?
-19
What is the value of -10 + (9 + 26 - -1 - 2)?
24
What is 2 + -7 + ((-13 - -9) + 17 - 4)?
4
What is (9 - (-6 - -13)) + -5?
-3
Calculate -11 + (2 - 14 - -70) - (19 + -9).
37
What is the value of 0 + 0 + -10 - (201 + -212)?
1
Calculate -8 + 5 + -3 + (-4 - 2).
-12
Calculate -16 - (-10 + 17 + -7 - (-2 + -2)).
-20
Evaluate 0 - (1 + (1 - -5)) - -10.
3
Calculate -26 - (22 + -69 + -5).
26
Calculate -13 - 23 - (-9 - (2 - -8)).
-17
What is (-9 - (3 - 4)) + 16 + -2 + -9?
-3
Evaluate 46 + -2 + -17 - 26.
1
What is -4 + -3 + 2 + 23 + (52 - 47)?
23
What is -22 + 24 + 9 + -21?
-10
What is (-22 - -8) + (-7 - -1) + 6?
-14
What is ((-3 - 7) + 20 - 9) + -14?
-13
1 + (-8 - (3 - 8 - -2))
-4
Calculate (-11 + 17 - -10) + -9.
7
Evaluate 2 + -16 + 4 + 20.
10
Calculate (91 - 32) + -51 + (-2 + 2 - 30).
-22
Calculate (-31 + 22 - (0 + 2)) + 18.
7
27 - (0 + 1) - (-92 - (-94 + -5))
19
11 - (-36 + 17 + 10)
20
What is the value of -21 - -19 - (-9 + (-1 - -2))?
6
What is -5 + 0 + (-4 - -17)?
8
What is the value of (-5 - 3) + 3 + (9 - 1)?
3
What is the value of 18 + (17 - -1) - (9 - -5)?
22
(23 - -5 - 9 - 11) + -19
-11
What is -2 + -1 - (13 - (21 - (-1 - 6)))?
12
Calculate -7 + (-1 + (-2 - 9) + 17 - 12).
-14
Calculate -8 + 5 + (6 - (3 + 8)).
-8
Calculate (-36 - -68) + -50 + 13 + 1.
-4
29 + (-22 - 9) + -8
-10
Calculate 17 + 0 + -79 + 58.
-4
What is 11 - (-100 + 111 + (0 - 6))?
6
What is -1 + 8 + -3 + (-11 - -13)?
6
What is the value of 21 + -26 + (-8 - -34)?
21
Evaluate -14 - ((-18 - -20) + (2 - 3)).
-15
Calculate 38 - (-13 + 20) - 43.
-12
Calculate (0 - -8) + (4 + -10 - -1) - 7.
-4
What is the value of -23 - (-10 + 2 + 4 + (3 - 5))?
-17
What is the value of 6 + -3 + 1 - (-2 + 1 + 19)?
-14
Calculate (0 - 1 - 2) + -3 + 3 + 3.
0
(4 - (-35 + 22)) + 5
22
What is the value of 6 - (2 + 8 + (47 - 49))?
-2
Evaluate -2 + (2 - -26) + (6 - 4) - 0.
28
What is the value of (-132 + 131 - (0 - -11)) + -3?
-15
What is -2 + 4 + (0 + 2 - 7) + -5?
-8
44 + -37 + 9 - -4
20
What is the value of 28 - 23 - 27 - (-2 + -1 - 1)?
-18
Calculate -7 + 0 + (-11 - (6 - 14)) + 3.
-7
What is -3 + 0 + 7 + 20 + -18 + -4?
2
Calculate 15 - ((-13 - -1) + 138 + -131).
20
Calculate (-21 - (-37 + 18)) + -16.
-18
What is 27 + -8 - -4 - (6 - 12)?
29
What is -1 - (52 + -37) - 9?
-25
What is 20 + -15 + -10 + -4 + 0?
-9
Calculate -8 + (28 + (6 - -2) - 9).
19
-2 + 12 + (8 - 10) - 25
-17
What is 1 - -8 - ((40 - 7) + 1 + -2)?
-23
What is the value of 20 + (11 - -22 - 15)?
38
Evaluate -43 + 39 + 11 + (-2 - 0).
5
Calculate 1 - -3 - ((36 - 26) + -7).
1
What is the value of (-1 - -10) + (-17 - -14) + -7?
-1
Evaluate 6 + (-9 + 11 - 6).
2
What is -125 - -143 - (1 - -11)?
6
What is the value of -4 + (3 - 0) - (23 + -21) - -2?
-1
What is the value of 16 + -17 + 0 + 3 - -4 - 18?
-12
(26 - 6) + (-3 - (4 - 11))
24
What is the value of (14 - (-8 - -18)) + -1 + -8?
-5
What is the value of 1 - (-14 + (31 - 16) - -8)?
-8
Evaluate -11 - (-8 - 4 - -9 - 11).
3
What is the value of -1 - (0 + 2 + (-16 - -18))?
-5
3 + 3 + (2 - (5 - 5)) + -4
4
-2 + (-4 - 17) + 14
-9
Evaluate (-3 - -17) + -1 - 0.
13
What is -3 + 3 + 3 + 4 + -7?
0
Evaluate -22 - (1 - (-2 + -4) - 15).
-14
What is the value of 1 + -7 - (-19 + 10) - -3?
6
2 - -9 - (218 + -214)
7
Calculate (85 - 36 - 54) + (-1 - -3 - 7).
-10
Evaluate (-7 - (-1 - (2 - 4 - -23))) + 5.
20
What is the value of (35 + -27 - (6 - 0)) + (-4 - 0)?
-2
What is 1 - (-6 - (3 + -22))?
-12
Evaluate -5 - (-25 + 16 + 23).
-19
What is the value of (-16 - 1) + (23 - 3)?
3
Evaluate 35 + 1 - (697 + -684).
23
What is the value of 9 + (-1 - 0) - (1345 - 1327)?
-10
Calculate (12 + 9 - 24) + -1 + 10.
6
What is -8 + (5 - -11) + -10?
-2
What is 6 + (-15 + (8 - 8) - -2)?
-7
What is the value of (-12 - (-18 + 15)) + -3?
-12
What is (0 - (-11 + 1)) + (175 - 181) + 13?
17
Calculate -8 + 6 + (-3 - -4) + -1.
-2
What is the value of 15 + 0 + 18 + (-25 - 3) + -14?
-9
Evaluate -2 - ((12 - (37 - 1)) + 10).
12
Calculate 10 - (-2 - 5 - -13).
4
What is -10 - 1 - ((-78 - -31) + 13)?
23
Calculate 21 + -19 + -10 - 0.
-8
Evaluate (-1 - -39) + (21 - 86).
-27
Evaluate 4 - (0 - 3) - (14 + -7 - -2).
-2
Evaluate (6 - 1) + (11 + -19 - 3).
-6
Evaluate -2 + 1 + -1 + -10 + 4.
-8
Calculate -15 - (13 + -13 + -16).
1
What is 0 + -10 - (-1 - 6 - (-110 + 108))?
-5
What is the value of 6 + -5 + -2 + (7 - (-5 + 2))?
9
Calculate 16 - 1 - (163 - 147).
-1
147 + -147 + (0 - 12)
-12
What is 7 - (12 + (-9 - -33))?
-29
-1 - -48 - (12 - 7) - (67 - 58)
33
(5 - (-11 - -11)) + 2 - (-5 + -1)
13
Evaluate (-1 - (2 - -1)) + (400 - 411).
-15
What is the value of 2 + 1 + -10 + 3?
-4
What is the value of 847 + -830 - (-1 + 2 - -33)?
-17
(-6 + -24 - -4) + (-66 - -70)
-22
70 + -5 + (25 - 53)
37
Evaluate 13 + -22 + 17 + 0.
8
Calculate 28 + (1 - 15) + -37.
-23
(-504 - -534) + 0 + -5
25
-54 + -2 + -18 + 36
-38
-1 - 9 - (-7 - (3 - (2 + 6)))
-8
What is -4 - (-6 + 6) - -1 - 10?
-13
What is the value of -2 + 4 + (-5 - -21 - 8)?
10
Evaluate 1 + -7 - (-5 + -11 + 26 - -8).
-24
Calculate -654 - -661 - (-2 - 2).
11
9 + ((14 - 5) + -7 + 1 - 15)
-3
What is the value of 2 - 3 - (-23 + -27 + 58)?
-9
What is 6 + 19 + -15 + -17?
-7
What is the value of 42 - (70 - 44 - -42)?
-26
What is the value of -4 + -49 + (15 - 0)?
-38
-11 + (3 - -3 - 16) - -9
-12
2 + 7 - (-4 + 26 - (7 + -1))
-7
What is -6 + (-2 - (18 + -24)) + 2 + 6?
6
What is the value of 2 - 29 - (-1009 + 977)?
5
What is 5 + (19 + -2 - 9)?
13
(14 - 47) + 15 + 9
-9
What is 5 - 0 - ((-14 - 2) + (-35 - -30))?
26
What is the value of 2 - 2 - (-5 - -7) - (76 - 96)?
18
What is the value of (-25 - (10 + -18 - 0)) + -3?
-20
Calculate -20 + 3 - (-31 + 27) - -29.
16
What is the value of -3 + 6 + 2 - (14 + -17 - -4)?
4
Evaluate -57 + 83 + (-18 - -1).
9
What is -1 - 1 - -20 - 1 - (-5 + 7)?
15
0 + 2 + 4 + (29 - 29 - -13)
19
Ev